{"id":11720,"date":"2022-04-11T17:40:48","date_gmt":"2022-04-11T15:40:48","guid":{"rendered":"https:\/\/retiprotezione.it\/?post_type=product&#038;p=11720"},"modified":"2022-04-13T16:58:32","modified_gmt":"2022-04-13T14:58:32","slug":"zaino-in-rete-con-fodera-in-tessuto-gobelin","status":"publish","type":"product","link":"https:\/\/retiprotezione.it\/?product=zaino-in-rete-con-fodera-in-tessuto-gobelin","title":{"rendered":"Zaino in Rete"},"content":{"rendered":"","protected":false},"excerpt":{"rendered":"<h3 class=\"fusion-responsive-typography-calculated\" data-fontsize=\"16\" data-lineheight=\"30.08px\"><em><strong>ZAINO IN RETE E FODERA GOBELIN<\/strong><\/em><\/h3>\n<p>Zaino comodo, pratico e particolare sono queste le sue caratteristiche. Questo zaino \u00e8 realizzato con fodera in gobelin e ricoperto dalla rete. Zaino che pu\u00f2 essere portato per le strade delle citt\u00e0 come per le gite fuori porta ed in tante altre occasioni. Pu\u00f2 essere portato a spalle grazie alle due bretelle interamente fatte in rete o a mano tramite il manico sempre in rete.<\/p>\n<ul>\n<li><strong>Materiale:<\/strong>\u00a0cotone naturale<\/li>\n<li><strong>Fodera<\/strong>: in tessuto gobelin fantasia<\/li>\n<li><strong>Manici:<\/strong>\u00a0due in rete per uso spalla ed uno per uso mano<\/li>\n<li><strong>Chiusura:\u00a0<\/strong>corda con clip<\/li>\n<li><strong>Dimensioni:<\/strong>\u00a038 X 38 cm<\/li>\n<\/ul>\n","protected":false},"featured_media":11722,"comment_status":"open","ping_status":"closed","template":"","meta":[],"product_cat":[166],"product_tag":[],"yoast_head":"<!-- This site is optimized with the Yoast SEO plugin v22.7 - https:\/\/yoast.com\/wordpress\/plugins\/seo\/ -->\n<title>Zaino in Rete - retiprotezione.it<\/title>\n<meta name=\"description\" content=\"Zaino fatto con fodera in gobelin che viene ricoperta dalla rete. Si pu\u00f2 portare a spalle grazie alle due bretelle o a mano tramite il manico.\" \/>\n<meta name=\"robots\" content=\"index, follow, max-snippet:-1, max-image-preview:large, max-video-preview:-1\" \/>\n<link rel=\"canonical\" href=\"https:\/\/retiprotezione.it\/prodotto\/zaino-in-rete-con-fodera-in-tessuto-gobelin\/\" \/>\n<meta property=\"og:locale\" content=\"it_IT\" \/>\n<meta property=\"og:type\" content=\"article\" \/>\n<meta property=\"og:title\" content=\"Zaino in Rete - retiprotezione.it\" \/>\n<meta property=\"og:description\" content=\"Zaino fatto con fodera in gobelin che viene ricoperta dalla rete. Si pu\u00f2 portare a spalle grazie alle due bretelle o a mano tramite il manico.\" \/>\n<meta property=\"og:url\" content=\"https:\/\/retiprotezione.it\/prodotto\/zaino-in-rete-con-fodera-in-tessuto-gobelin\/\" \/>\n<meta property=\"og:site_name\" content=\"retiprotezione.it\" \/>\n<meta property=\"article:modified_time\" content=\"2022-04-13T14:58:32+00:00\" \/>\n<meta property=\"og:image\" content=\"https:\/\/retiprotezione.it\/wp-content\/uploads\/2022\/04\/zaino-foto-brs-06.jpg\" \/>\n\t<meta property=\"og:image:width\" content=\"780\" \/>\n\t<meta property=\"og:image:height\" content=\"1040\" \/>\n\t<meta property=\"og:image:type\" content=\"image\/jpeg\" \/>\n<meta name=\"twitter:card\" content=\"summary_large_image\" \/>\n<script type=\"application\/ld+json\" class=\"yoast-schema-graph\">{\"@context\":\"https:\/\/schema.org\",\"@graph\":[{\"@type\":\"WebPage\",\"@id\":\"https:\/\/retiprotezione.it\/prodotto\/zaino-in-rete-con-fodera-in-tessuto-gobelin\/\",\"url\":\"https:\/\/retiprotezione.it\/prodotto\/zaino-in-rete-con-fodera-in-tessuto-gobelin\/\",\"name\":\"Zaino in Rete - retiprotezione.it\",\"isPartOf\":{\"@id\":\"https:\/\/retiprotezione.it\/#website\"},\"primaryImageOfPage\":{\"@id\":\"https:\/\/retiprotezione.it\/prodotto\/zaino-in-rete-con-fodera-in-tessuto-gobelin\/#primaryimage\"},\"image\":{\"@id\":\"https:\/\/retiprotezione.it\/prodotto\/zaino-in-rete-con-fodera-in-tessuto-gobelin\/#primaryimage\"},\"thumbnailUrl\":\"https:\/\/retiprotezione.it\/wp-content\/uploads\/2022\/04\/zaino-foto-brs-06.jpg\",\"datePublished\":\"2022-04-11T15:40:48+00:00\",\"dateModified\":\"2022-04-13T14:58:32+00:00\",\"description\":\"Zaino fatto con fodera in gobelin che viene ricoperta dalla rete. Si pu\u00f2 portare a spalle grazie alle due bretelle o a mano tramite il manico.\",\"breadcrumb\":{\"@id\":\"https:\/\/retiprotezione.it\/prodotto\/zaino-in-rete-con-fodera-in-tessuto-gobelin\/#breadcrumb\"},\"inLanguage\":\"it-IT\",\"potentialAction\":[{\"@type\":\"ReadAction\",\"target\":[\"https:\/\/retiprotezione.it\/prodotto\/zaino-in-rete-con-fodera-in-tessuto-gobelin\/\"]}]},{\"@type\":\"ImageObject\",\"inLanguage\":\"it-IT\",\"@id\":\"https:\/\/retiprotezione.it\/prodotto\/zaino-in-rete-con-fodera-in-tessuto-gobelin\/#primaryimage\",\"url\":\"https:\/\/retiprotezione.it\/wp-content\/uploads\/2022\/04\/zaino-foto-brs-06.jpg\",\"contentUrl\":\"https:\/\/retiprotezione.it\/wp-content\/uploads\/2022\/04\/zaino-foto-brs-06.jpg\",\"width\":780,\"height\":1040},{\"@type\":\"BreadcrumbList\",\"@id\":\"https:\/\/retiprotezione.it\/prodotto\/zaino-in-rete-con-fodera-in-tessuto-gobelin\/#breadcrumb\",\"itemListElement\":[{\"@type\":\"ListItem\",\"position\":1,\"name\":\"Home\",\"item\":\"https:\/\/retiprotezione.it\/\"},{\"@type\":\"ListItem\",\"position\":2,\"name\":\"Shop\",\"item\":\"https:\/\/retiprotezione.it\/?page_id=7\"},{\"@type\":\"ListItem\",\"position\":3,\"name\":\"Zaino in Rete\"}]},{\"@type\":\"WebSite\",\"@id\":\"https:\/\/retiprotezione.it\/#website\",\"url\":\"https:\/\/retiprotezione.it\/\",\"name\":\"retiprotezione.it\",\"description\":\"\",\"potentialAction\":[{\"@type\":\"SearchAction\",\"target\":{\"@type\":\"EntryPoint\",\"urlTemplate\":\"https:\/\/retiprotezione.it\/?s={search_term_string}\"},\"query-input\":\"required name=search_term_string\"}],\"inLanguage\":\"it-IT\"}]}<\/script>\n<!-- \/ Yoast SEO plugin. -->","yoast_head_json":{"title":"Zaino in Rete - retiprotezione.it","description":"Zaino fatto con fodera in gobelin che viene ricoperta dalla rete. Si pu\u00f2 portare a spalle grazie alle due bretelle o a mano tramite il manico.","robots":{"index":"index","follow":"follow","max-snippet":"max-snippet:-1","max-image-preview":"max-image-preview:large","max-video-preview":"max-video-preview:-1"},"canonical":"https:\/\/retiprotezione.it\/prodotto\/zaino-in-rete-con-fodera-in-tessuto-gobelin\/","og_locale":"it_IT","og_type":"article","og_title":"Zaino in Rete - retiprotezione.it","og_description":"Zaino fatto con fodera in gobelin che viene ricoperta dalla rete. Si pu\u00f2 portare a spalle grazie alle due bretelle o a mano tramite il manico.","og_url":"https:\/\/retiprotezione.it\/prodotto\/zaino-in-rete-con-fodera-in-tessuto-gobelin\/","og_site_name":"retiprotezione.it","article_modified_time":"2022-04-13T14:58:32+00:00","og_image":[{"width":780,"height":1040,"url":"https:\/\/retiprotezione.it\/wp-content\/uploads\/2022\/04\/zaino-foto-brs-06.jpg","type":"image\/jpeg"}],"twitter_card":"summary_large_image","schema":{"@context":"https:\/\/schema.org","@graph":[{"@type":"WebPage","@id":"https:\/\/retiprotezione.it\/prodotto\/zaino-in-rete-con-fodera-in-tessuto-gobelin\/","url":"https:\/\/retiprotezione.it\/prodotto\/zaino-in-rete-con-fodera-in-tessuto-gobelin\/","name":"Zaino in Rete - retiprotezione.it","isPartOf":{"@id":"https:\/\/retiprotezione.it\/#website"},"primaryImageOfPage":{"@id":"https:\/\/retiprotezione.it\/prodotto\/zaino-in-rete-con-fodera-in-tessuto-gobelin\/#primaryimage"},"image":{"@id":"https:\/\/retiprotezione.it\/prodotto\/zaino-in-rete-con-fodera-in-tessuto-gobelin\/#primaryimage"},"thumbnailUrl":"https:\/\/retiprotezione.it\/wp-content\/uploads\/2022\/04\/zaino-foto-brs-06.jpg","datePublished":"2022-04-11T15:40:48+00:00","dateModified":"2022-04-13T14:58:32+00:00","description":"Zaino fatto con fodera in gobelin che viene ricoperta dalla rete. Si pu\u00f2 portare a spalle grazie alle due bretelle o a mano tramite il manico.","breadcrumb":{"@id":"https:\/\/retiprotezione.it\/prodotto\/zaino-in-rete-con-fodera-in-tessuto-gobelin\/#breadcrumb"},"inLanguage":"it-IT","potentialAction":[{"@type":"ReadAction","target":["https:\/\/retiprotezione.it\/prodotto\/zaino-in-rete-con-fodera-in-tessuto-gobelin\/"]}]},{"@type":"ImageObject","inLanguage":"it-IT","@id":"https:\/\/retiprotezione.it\/prodotto\/zaino-in-rete-con-fodera-in-tessuto-gobelin\/#primaryimage","url":"https:\/\/retiprotezione.it\/wp-content\/uploads\/2022\/04\/zaino-foto-brs-06.jpg","contentUrl":"https:\/\/retiprotezione.it\/wp-content\/uploads\/2022\/04\/zaino-foto-brs-06.jpg","width":780,"height":1040},{"@type":"BreadcrumbList","@id":"https:\/\/retiprotezione.it\/prodotto\/zaino-in-rete-con-fodera-in-tessuto-gobelin\/#breadcrumb","itemListElement":[{"@type":"ListItem","position":1,"name":"Home","item":"https:\/\/retiprotezione.it\/"},{"@type":"ListItem","position":2,"name":"Shop","item":"https:\/\/retiprotezione.it\/?page_id=7"},{"@type":"ListItem","position":3,"name":"Zaino in Rete"}]},{"@type":"WebSite","@id":"https:\/\/retiprotezione.it\/#website","url":"https:\/\/retiprotezione.it\/","name":"retiprotezione.it","description":"","potentialAction":[{"@type":"SearchAction","target":{"@type":"EntryPoint","urlTemplate":"https:\/\/retiprotezione.it\/?s={search_term_string}"},"query-input":"required name=search_term_string"}],"inLanguage":"it-IT"}]}},"_links":{"self":[{"href":"https:\/\/retiprotezione.it\/index.php?rest_route=\/wp\/v2\/product\/11720"}],"collection":[{"href":"https:\/\/retiprotezione.it\/index.php?rest_route=\/wp\/v2\/product"}],"about":[{"href":"https:\/\/retiprotezione.it\/index.php?rest_route=\/wp\/v2\/types\/product"}],"replies":[{"embeddable":true,"href":"https:\/\/retiprotezione.it\/index.php?rest_route=%2Fwp%2Fv2%2Fcomments&post=11720"}],"version-history":[{"count":0,"href":"https:\/\/retiprotezione.it\/index.php?rest_route=\/wp\/v2\/product\/11720\/revisions"}],"wp:featuredmedia":[{"embeddable":true,"href":"https:\/\/retiprotezione.it\/index.php?rest_route=\/wp\/v2\/media\/11722"}],"wp:attachment":[{"href":"https:\/\/retiprotezione.it\/index.php?rest_route=%2Fwp%2Fv2%2Fmedia&parent=11720"}],"wp:term":[{"taxonomy":"product_cat","embeddable":true,"href":"https:\/\/retiprotezione.it\/index.php?rest_route=%2Fwp%2Fv2%2Fproduct_cat&post=11720"},{"taxonomy":"product_tag","embeddable":true,"href":"https:\/\/retiprotezione.it\/index.php?rest_route=%2Fwp%2Fv2%2Fproduct_tag&post=11720"}],"curies":[{"name":"wp","href":"https:\/\/api.w.org\/{rel}","templated":true}]}}